0
Let q(o) = o**3 - 93*o + 397. Calculate q(9).
289
Let h(u) = 12*u**3 + 7*u**2 + 28*u + 60. Give h(-4).
-708
Let x(y) = y**3 - y**2 + 1127*y - 1128. What is x(1)?
-1
Let i(w) = -14*w**2 + 504*w + 1015. Give i(-2).
-49
Let w(c) = -1675*c + 41842. What is w(25)?
-33
Let d(w) = -877*w + 6251. What is d(6)?
989
Let o(s) = -1967*s + 9424. Calculate o(5).
-411
Let h(d) = -51*d + 5042. Determine h(136).
-1894
Let s(q) = -q**2 + 2530*q - 84854. Calculate s(34).
10
Let n(p) = 2*p**3 + 5*p**2 - 31*p - 93. Give n(-5).
-63
Let o(b) = b**3 + 52*b**2 + 229*b - 136. Calculate o(-6).
146
Let x(w) = -w**3 - 18*w**2 + 904*w + 14250. Give x(-15).
15
Let j(z) = -319*z**2 + 159817*z + 1017. What is j(501)?
15
Let o(t) = -t**3 + 26*t**2 + 23*t - 1011. Calculate o(26).
-413
Let y(x) = -32826*x + 33580986. Calculate y(1023).
-12
Let q(o) = -2*o**3 - 268*o**2 + 1207*o + 14221. What is q(-138)?
7
Let q(p) = -701*p**3 + 4203*p**2 + 24*p - 32. What is q(6)?
4
Let o(f) = -262*f - 42247. Calculate o(-161).
-65
Let g(n) = n**3 + 14*n**2 + 2011*n - 22510. Calculate g(10).
0
Let m(q) = 6*q**2 + 1063*q - 11. What is m(0)?
-11
Let g(u) = -u**3 - 9*u**2 + 1780*u + 33. Determine g(-47).
315
Let y(s) = 34037*s - 3676056. Determine y(108).
-60
Let k(g) = -2*g**2 + 253*g + 6434. Give k(-22).
-100
Let z(f) = -7*f**3 - 93*f**2 - 29*f - 245. Give z(-13).
-206
Let h(k) = -247*k + 6880. Give h(26).
458
Let m(k) = 179*k**2 + 52784*k - 6207. What is m(-295)?
-12
Let g(z) = -234*z - 140176. Determine g(-599).
-10
Let y(k) = 6*k**2 + 4697*k + 42493. Calculate y(-9).
706
Let n(r) = 5155*r - 22024. Give n(4).
-1404
Let j(s) = s**3 + 893*s**2 + 20869*s + 11290. Give j(-869).
-7
Let r(y) = 1655*y + 39715. What is r(-24)?
-5
Let w(b) = -299*b - 6864. Calculate w(-23).
13
Let i(d) = -8068*d - 338881. Determine i(-42).
-25
Let g(h) = -h**2 + 51*h - 1194. Give g(24).
-546
Let q(n) = 44618*n + 2052435. What is q(-46)?
7
Let q(l) = -l**2 - 29*l + 166. Calculate q(-33).
34
Let a(v) = -21*v**2 + 93*v + 75. Give a(5).
15
Let h(l) = -64*l - 571. What is h(-12)?
197
Let j(u) = -7054*u - 1227355. Calculate j(-174).
41
Let m(f) = 2*f**2 - 139*f + 1683. Determine m(10).
493
Let x(o) = 129*o + 29410. Calculate x(-228).
-2
Let o(n) = 40384*n - 1171141. Calculate o(29).
-5
Let i(p) = 8*p**2 + 519*p + 6724. Determine i(-47).
3
Let j(q) = -3*q**3 - 374*q**2 - 972*q + 680. Calculate j(-122).
192
Let q(n) = 20498*n + 143404. Give q(-7).
-82
Let d(i) = 142*i**2 + 508*i + 271. Give d(-3).
25
Let g(q) = -73*q**2 - 17886*q + 400. Determine g(-245).
645
Let o(n) = n**3 + 935*n**2 - 145646*n - 1359. Calculate o(136).
1
Let c(d) = 5*d**2 + 123*d + 320. Calculate c(-21).
-58
Let x(a) = 7*a**2 - 69159*a - 345971. What is x(-5)?
-1
Let h(t) = 94*t**2 + 3428*t + 3429. Calculate h(-1).
95
Let s(k) = -k**3 + 2664*k**2 - 1165821*k - 1570. Calculate s(552).
86
Let u(x) = 19*x**3 + 22*x**2 - 61*x - 16. Determine u(3).
512
Let i(k) = -201*k - 221. Calculate i(2).
-623
Let u(o) = 144*o - 29833. Give u(207).
-25
Let n(t) = -3*t**3 + 41*t**2 - 110*t + 70. Determine n(2).
-10
Let p(i) = 45896*i - 11978855. What is p(261)?
1
Let l(i) = -3*i**2 + 78*i - 713. Determine l(58).
-6281
Let p(z) = 1451*z + 60947. Give p(-42).
5
Let l(x) = -71333*x - 142677. Determine l(-2).
-11
Let i(f) = -1856*f**2 - 53801*f + 606. Determine i(-29).
-61
Let p(a) = 9*a**2 + 161*a - 320. What is p(-20)?
60
Let x(h) = -20*h**2 - 79*h - 91. What is x(-9)?
-1000
Let y(l) = -5025*l - 638121. Determine y(-127).
54
Let s(o) = 8*o**3 + 11*o**2 + 2*o + 18. What is s(-3)?
-105
Let l(z) = z**3 + 22*z**2 - 42*z + 166. What is l(8)?
1750
Let u(y) = y**3 - 458*y**2 + 160*y - 73303. Give u(458).
-23
Let g(m) = -m**3 - 35*m**2 + 113*m - 80. Give g(2).
-2
Let a(v) = 382*v + 2942. Give a(-8).
-114
Let l(z) = -z**2 - 24912*z + 398856. Give l(16).
8
Let g(v) = -74393*v - 2083004. Give g(-28).
0
Let l(a) = 6*a**3 + 47*a**2 - 91*a + 384. Determine l(-10).
-6
Let q(i) = i**3 - 18*i**2 + 1551*i - 10360. Determine q(7).
-42
Let f(r) = -11*r**3 - 50*r**2 + 8*r + 11. Give f(-5).
96
Let z(v) = -v**2 - 1387*v + 115174. Give z(78).
904
Let b(q) = -228*q - 4365. Give b(-22).
651
Let g(f) = -259624*f - 2076987. Give g(-8).
5
Let y(i) = -3*i**2 + 1440*i + 4381. Calculate y(-3).
34
Let m(i) = -i**3 - 14*i**2 + 847*i - 2426. Give m(3).
-38
Let t(r) = 3*r**2 + 1125*r + 28160. Give t(-27).
-28
Let a(r) = 22*r**2 - 1418*r + 1019. What is a(63)?
-997
Let g(z) = 143*z**2 - 3864*z. Determine g(27).
-81
Let r(m) = -547*m + 103031. Calculate r(188).
195
Let t(y) = y**2 + 194*y + 6458. What is t(-144)?
-742
Let n(h) = -59*h**2 - 208*h + 486. What is n(4)?
-1290
Let u(o) = o**2 - 481*o + 50035. Give u(153).
-149
Let w(f) = f**2 - 2730*f - 49431. Determine w(-18).
33
Let n(j) = -256376*j - 2051036. Give n(-8).
-28
Let p(a) = -14725*a + 117660. What is p(8)?
-140
Let h(w) = 570*w + 116863. Determine h(-205).
13
Let q(u) = u**3 - 228*u**2 + 1983*u + 42936. Determine q(218).
-10
Let u(h) = 422*h + 143464. Give u(-340).
-16
Let y(q) = 3990*q + 23800. What is y(-6)?
-140
Let z(k) = 15721*k + 6744307. Give z(-429).
-2
Let g(i) = -3*i**3 + 192*i**2 - i + 59. What is g(64)?
-5
Let f(g) = -18*g**2 - 47*g - 86. Give f(-9).
-1121
Let q(w) = 418*w - 7743. Determine q(19).
199
Let s(p) = -p**2 + 147446*p + 9735790. Determine s(-66).
-2
Let l(p) = -p**3 - 125*p**2 - 443*p - 2448. Calculate l(-122).
6946
Let y(k) = -k**3 + 193*k - 49. Give y(-14).
-7
Let h(n) = n**3 - 93*n**2 - 1042*n - 173. Determine h(103).
-1409
Let f(t) = 223*t - 651. What is f(6)?
687
Let l(d) = 1430*d - 100172. Calculate l(70).
-72
Let f(n) = 2*n**3 + 31*n**2 - 873*n - 13665. Give f(-18).
429
Let a(u) = 4283*u + 471. Calculate a(0).
471
Let b(y) = -4524*y + 17864. What is b(4)?
-232
Let g(w) = -222*w**2 - 602*w - 1194. Calculate g(-2).
-878
Let x(r) = -r**2 + 165*r - 1995. What is x(129)?
2649
Let m(y) = -4451*y + 449548. Determine m(101).
-3
Let g(z) = 306*z - 38568. What is g(126)?
-12
Let m(f) = 2*f**3 - 2204*f**2 - 13325*f + 32138. Calculate m(1108).
6
Let y(h) = 6074*h - 133604. Determine y(22).
24
Let k(h) = -51261*h - 2306723. Give k(-45).
22
Let d(u) = -u**3 - 428*u**2 + 172*u + 73617. Determine d(-428).
1
Let y(o) = -104*o**2 + 4*o - 7. Determine y(-1).
-115
Let o(v) = v**3 + 124*v**2 + 841*v + 160. Give o(-7).
6
Let l(p) = -174*p**3 - 863*p**2 + 33*p - 2. Calculate l(-5).
8
Let h(o) = -4*o**2 + 30762*o - 92303. What is h(3)?
-53
Let z(y) = 96711*y - 483428. Calculate z(5).
127
Let g(k) = -6737*k + 101145. Determine g(15).
90
Let a(f) = 679*f + 105030. What is a(-154)?
464
Let t(w) = 11929*w - 11915. Calculate t(1).
14
Let u(q) = 1681*q**2 + 208440*q - 491. Give u(-124).
5
Let o(x) = -1556*x - 2785. Give o(-2).
327
Let g(v) = v**3 + 14*v**2 - 3028*v - 27650. Calculate g(-9).
7
Let b(z) = -205*z**3 + 87*z**2 + 184*z + 5. Calculate b(-2).
1625
Let u(f) = -26798*f + 937373. Give u(35).
-557
Let f(u) = u**3 + 35*u**2 - 196*u - 2884. Give f(-38).
232
Let y(j) = 2900*j + 1742859. Determine y(-601).
-41
Let v(a) = 329*a**2 + 1189*a - 494. What is v(-4)?
14
Let f(i) = -i**3 - 78*i**2 + 186*i + 1140. Determine f(-80).
-940
Let i(h) = 22*h**3 + 771*h**2 - 120*h - 5431. What is i(-35)?
-6
Let c(b) = 185*b**2 + 13*b - 8. Calculate c(2).
758
Let v(i) = 2*i**2 - 160*i - 1888. Determine v(90).
-88
Let r(o) = -o**3 + 672*o**2 - 1412*o + 141. Determine r(2).
-3
Let k(q) = -q**2 + 394*q - 3836. What is k(10)?
4
Let z(w) = -117584*w - 2469270. What is z(-21)?
-6
Let p(f) = -32*f**2 + 135*f - 112. Calculate p(2).
30
Let k(t) = 258*t + 41602. Give k(-161).
64
Let c(d) = -d**2 - 692*d - 44132. What is c(-71)?
-41
Let t(b) = 2*b**2 + 538*b + 6611. Determine t(-256).
-45
Let h(x) = -116*x**2 - 1386*x + 71. Calculate h(-12).
-1
Let n(z) = -11936*z + 596802. Calculate n(50).
2
Let c(a) = 2683*a - 1942524. What is c(724)?
-32
Let v(a) = 667*a + 258. Calculate v(-2).
-1076
Let n(s) = -s**3 + 16*s**2 - 13833*s + 165434. Calculate n(12).
14
Let j(m) = -m**3 + 314*m**2 + 1273*m + 2424. What is j(318)?
2742
Let o(s) = -s**3 + 1149*s**2 - 3439*s - 5. Calculate o(3).
-8
Let m(q) = q**3 - 1407*q**2 - 5135*q - 718193. Determine m(1411).
6
Let m(v) = -v**3 + 28*v**2 + 49*v + 10521. What is m(37)?
13
Let n(w) = w**3 - 1166*w**2 + 285134*w - 795. Give n(817).
22
Let k(n) 